{"id":2346,"date":"2019-09-09T13:15:13","date_gmt":"2019-09-09T12:15:13","guid":{"rendered":"https:\/\/www.mikroskopie.de\/?page_id=2346"},"modified":"2026-03-17T14:39:10","modified_gmt":"2026-03-17T13:39:10","slug":"mikrolive-3-2","status":"publish","type":"page","link":"https:\/\/www.mikroskopie.de\/?page_id=2346","title":{"rendered":"MIKROLIVE 6"},"content":{"rendered":"<div align=\"center\">\n<h4><em>Mikro<\/em><em style=\"color: #808080;\">Live<\/em> ist das effektive Imaging-Paket f\u00fcr die mikroskopische Routine<\/h4>\n<p><img loading=\"lazy\" decoding=\"async\" class=\"alignnone size-full wp-image-2348\" src=\"https:\/\/www.mikroskopie.de\/wp-content\/uploads\/2019\/09\/banner.jpg\" alt=\"\" width=\"1050\" height=\"210\" srcset=\"https:\/\/www.mikroskopie.de\/wp-content\/uploads\/2019\/09\/banner.jpg 1050w, https:\/\/www.mikroskopie.de\/wp-content\/uploads\/2019\/09\/banner-320x64.jpg 320w, https:\/\/www.mikroskopie.de\/wp-content\/uploads\/2019\/09\/banner-450x90.jpg 450w, https:\/\/www.mikroskopie.de\/wp-content\/uploads\/2019\/09\/banner-768x154.jpg 768w\" sizes=\"auto, (max-width: 1050px) 100vw, 1050px\" \/><\/p>\n<\/div>\n<p>MikroLive wurde speziell f\u00fcr das Imaging in der mikroskopischen Routine konzipiert. Neben der Software beinhaltet MikroLive eine sehr kompakte Kamera, die per C-Mount an praktisch jedes Mikroskop mit Kameraausgang adaptiert werden kann. Zur Auswahl stehen &#8211; je nach Anforderungsprofil &#8211; mehrere Kameras mit unterschiedlichen Sensoren von Sony und Onsemi. Die Version &#8222;MikroLive MultiFormat&#8220; erm\u00f6glicht durch ihre frei w\u00e4hlbaren Bildformate zudem eine optimale Ausnutzung des Bildkreises unterschiedlichster Adapter. Die Verbindung zum PC erfolgt jeweils per USB-Kabel (USB Version 3.0). Es gibt keine Trennung zwischen Aufnahme- und Bearbeitungsmodul. Alle Programmfunktionen sind deshalb \u00fcber eine einzige Oberfl\u00e4che zug\u00e4nglich \u2013 und das jederzeit (Livebild, Standbild, zuvor gespeichertes Bild im programmeigenen Format mli, reimportierte Bilder aus den Formaten jpg, bmp, tif).<\/p>\n<p>Systemvoraussetzungen f\u00fcr MikroLive 6:<\/p>\n<ul>\n<li>Intel Core i3, 8 GB RAM<\/li>\n<li>Windows 7\/8\/10\/11 (64 bit)<\/li>\n<li><strong>USB3-Anschlu\u00df<\/strong><\/li>\n<li>Display mit mindestens 1920&#215;1080 Pixeln (Empfehlung: 3840&#215;2160 Pixel)<\/li>\n<\/ul>\n<p><div class=\"responsive-tabs\">\n<h2 class=\"tabtitle\">Kameras<\/h2>\n<div class=\"tabcontent\">\n<br \/>\nIm Lieferumfang von MikroLive befindet sich &#8211; je nach gew\u00e4hlter Variante &#8211; eine der in der folgenden Tabelle aufgef\u00fchrten Mikroskopkameras. Alle Kameras nutzen USB in der Version 3.0 (= USB 3.2 Gen 1). Dies erm\u00f6glicht eine besonders hohe Bildfrequenz, die selbst bei der maximalen Aufl\u00f6sung der Kameras eine fl\u00fcssige Darstellung des Livebildes mit 30 Bildern\/Sekunde erm\u00f6glicht. Die Version &#8222;MikroLive MultiFormat&#8220; erreicht 18 Bilder\/Sekunde bei voller Aufl\u00f6sung von 5472&#215;3648 Pixeln und ebenfalls bis 30 Bilder\/Sekunde bei niedrigeren Aufl\u00f6sungen.<\/p>\n<table border=\"1\" cellspacing=\"0\" cellpadding=\"1\">\n<thead style=\"background-color: aliceblue;\">\n<tr>\n<th>Bezeichnung<\/th>\n<th>MikroLive 5MP R2<\/th>\n<th>MikroLive 6,4MP<\/th>\n<th>MikroLive 5MPplus<\/th>\n<th>MikroLive MONOplus<\/th>\n<th>MikroLive MultiFormat<\/th>\n<\/tr>\n<\/thead>\n<tbody>\n<tr>\n<td>Sensor<\/td>\n<td>Onsemi AR0521<\/td>\n<td>Sony IMX178<\/td>\n<td>Sony IMX264<\/td>\n<td>Sony IMX265<\/td>\n<td>Sony IMX183<\/td>\n<\/tr>\n<tr>\n<td>Sensortyp<\/td>\n<td>CMOS color<\/td>\n<td>CMOS Starvis color<\/td>\n<td>CMOS Pregius color<\/td>\n<td>CMOS Pregius monochrom<\/td>\n<td>CMOS Exmor color<\/td>\n<\/tr>\n<tr>\n<td>Schnittstelle<\/td>\n<td>USB3<\/td>\n<td>USB3<\/td>\n<td>USB3<\/td>\n<td>USB3<\/td>\n<td>USB3<\/td>\n<\/tr>\n<tr>\n<td>Sensorformat<\/td>\n<td>1\/2,5&#8243;<\/td>\n<td>1\/1,8&#8243;<\/td>\n<td>2\/3&#8243;<\/td>\n<td>1\/1,8&#8243;<\/td>\n<td>1&#8243;<\/td>\n<\/tr>\n<tr>\n<td>Aufl\u00f6sung<\/td>\n<td>2.592&#215;1944 Pixel<\/td>\n<td>3.072&#215;2.048 Pixel<\/td>\n<td>2.448&#215;2.048 Pixel<\/td>\n<td>2048&#215;1536 Pixel<\/td>\n<td>5472&#215;3648 Pixel<\/td>\n<\/tr>\n<tr>\n<td>Pixelgr\u00f6\u00dfe<\/td>\n<td>2,2\u00b5m<\/td>\n<td>2,4\u00b5m<\/td>\n<td>3,25\u00b5m<\/td>\n<td>3,25\u00b5m<\/td>\n<td>2,4\u00b5m<\/td>\n<\/tr>\n<tr>\n<td>Shutter<\/td>\n<td>rolling<\/td>\n<td>rolling<\/td>\n<td>global<\/td>\n<td>global<\/td>\n<td>rolling<\/td>\n<\/tr>\n<tr>\n<td>Digitalisierung<\/td>\n<td>8bit<\/td>\n<td>8bit<\/td>\n<td>8\/12bit<\/td>\n<td>8\/12bit<\/td>\n<td>8\/12bit<\/td>\n<\/tr>\n<tr>\n<td>Preis (ab 17\/04\/24)<\/td>\n<td>575\u20ac (incl. 19% MwSt)<\/td>\n<td>750\u20ac (incl. 19% MwSt)<\/td>\n<td>1050,00\u20ac (incl. 19% MwSt)<\/td>\n<td>850\u20ac (incl. 19% MwSt)<\/td>\n<td>950\u20ac (incl. 19% MwSt)<\/td>\n<\/tr>\n<tr>\n<td style=\"background-color: aliceblue;\" colspan=\"6\"><b>Lieferumfang:<\/b><br \/>\nKamera, Software auf USB-Stick (alternativ ist ein Download der jeweils aktuellen Version m\u00f6glich), USB-Kabel (3m), Objektmikrometer zur Kalibrierung.<br \/>\n<b>Sollte ein Objektmikrometer bereits vorhanden sein, so kann bei einer Bestellung auf diesen verzichtet werden. Der Preis reduziert sich dann bei allen Versionen von MikroLive um 30\u20ac incl. MwSt.<\/b><\/td>\n<\/tr>\n<\/tbody>\n<\/table>\n<p>Die nachfolgende Darstellung gilt nicht f\u00fcr die Version &#8222;MikroLive MultiFormat&#8220; (siehe Register &#8222;Version MultiFormat&#8220;). Die Version &#8222;MikroLive USB3 5MP&#8220; wurde durch die Version &#8222;MikroLive 5MP R2&#8220; mit gleicher Sensorgr\u00f6\u00dfe und Aufl\u00f6sung ersetzt.<\/p>\n<div align=\"center\"><iframe loading=\"lazy\" src=\"https:\/\/www.mikroskopie.de\/kameraadaptionen\/mikrolive\/mikrolive.html\" width=\"800\" height=\"680\" frameborder=\"0\"><\/iframe><\/div>\n<p align=\"right\"><img decoding=\"async\" src=\"grafiken\/arw.png\" alt=\"\" \/> <a href=\"#top\" target=\"_self\" rel=\"noopener noreferrer\">\u00dcbersicht<\/a><\/p>\n<p>\n<\/div><h2 class=\"tabtitle\">Version MultiFormat<\/h2>\n<div class=\"tabcontent\">\n<br \/>\nMit der jetzt zus\u00e4tzlich verf\u00fcgbaren Version &#8222;MikroLive MultiFormat&#8220; lassen sich hinsichtlich Aufl\u00f6sung und erfasstem Bereich individuelle Bildformate definieren. Dadurch kann das Kamerasystem sehr flexibel an unterschiedliche Mikroskope angepasst werden. Die einzige Voraussetzung ist mikroskopseitig ein C-Mount-Adapter 0.5x \u2013 1.0x. Erm\u00f6glicht wird diese Flexibilit\u00e4t durch den in der Kamera verbauten Sensor IMX183 von Sony. Dieser verf\u00fcgt gleichzeitig \u00fcber eine gro\u00dfes Fl\u00e4chenformat (1\u201c) und eine hohe Aufl\u00f6sung von maximal 5472&#215;3648 Pixeln. Die Erstellung von Bildformaten f\u00fcr &#8222;MikroLive MultiFormat&#8220; erfolgt in dem nachfolgend abgebildetem Fenster. Diese Darstellung bezieht sich auf ein Zeiss Axio Scope.A1 mit dem Kameraadapter 0,5x (60N-C 0,5x von Carl Zeiss).<\/p>\n<div align=\"center\"><img loading=\"lazy\" decoding=\"async\" class=\"alignnone size-full wp-image-2184\" src=\"https:\/\/www.mikroskopie.de\/wp-content\/uploads\/2019\/04\/formatwahl.jpg\" alt=\"\" width=\"591\" height=\"571\" srcset=\"https:\/\/www.mikroskopie.de\/wp-content\/uploads\/2019\/04\/formatwahl.jpg 591w, https:\/\/www.mikroskopie.de\/wp-content\/uploads\/2019\/04\/formatwahl-320x309.jpg 320w, https:\/\/www.mikroskopie.de\/wp-content\/uploads\/2019\/04\/formatwahl-450x435.jpg 450w\" sizes=\"auto, (max-width: 591px) 100vw, 591px\" \/><\/div>\n<p>Das gerade bearbeitete Format wird durch die rechteckige Umrandung im Bildbereich dargestellt. Optional kann auch noch das durch die Okulare sichtbare Sehfeld eingeblendet werden (hier mit Sehfeldzahl 23). In der Abbildung wird ein Bildformat 4:3 definiert, dessen Diagonale genau dem Sehfeld der verwendeten Okulare Pl 10X\/23 entspricht. Das so erstellte Bildformat hat eine Aufl\u00f6sung von rund 11 Megapixeln.<br \/>\nDas neu definierte Bildformat wird dauerhaft gespeichert und in die Liste der verf\u00fcgbaren Formate eingef\u00fcgt. Es kann deshalb als Standardformat gew\u00e4hlt werden. Beim Programmstart wird dann dieses Format direkt f\u00fcr die Darstellung des Livebildes angeboten.<\/p>\n<div align=\"center\"><img loading=\"lazy\" decoding=\"async\" class=\"alignnone size-full wp-image-2182\" src=\"https:\/\/www.mikroskopie.de\/wp-content\/uploads\/2019\/04\/beispiel.jpg\" alt=\"\" width=\"900\" height=\"675\" srcset=\"https:\/\/www.mikroskopie.de\/wp-content\/uploads\/2019\/04\/beispiel.jpg 900w, https:\/\/www.mikroskopie.de\/wp-content\/uploads\/2019\/04\/beispiel-320x240.jpg 320w, https:\/\/www.mikroskopie.de\/wp-content\/uploads\/2019\/04\/beispiel-450x338.jpg 450w, https:\/\/www.mikroskopie.de\/wp-content\/uploads\/2019\/04\/beispiel-768x576.jpg 768w\" sizes=\"auto, (max-width: 900px) 100vw, 900px\" \/><br \/>\nBeispielaufnahme mit dem oben erstellten Bildformat (unbearbeitet \/ verkleinert)<\/div>\n<p><a href=\"https:\/\/www.mikroskopie.de\/multiformat_1.html\" target=\"_blank\" rel=\"noopener noreferrer\">Beispielbild in voller Aufl\u00f6sung (11 Megapixel \/ 3824&#215;2868 Pixel \/ 6,9MB)<\/a> Das Bild wurde ohne weitere Bearbeitung im jpg-Format gespeichert.<\/p>\n<p>Dieses <a href=\"https:\/\/www.youtube.com\/watch?v=d8WLshLeu6A\" target=\"_blank\" rel=\"noopener noreferrer\">Video auf YouTube<\/a> zeigt, wie individuelle Bildformate mit &#8222;MikroLive MultiFormat&#8220; definiert werden k\u00f6nnen.<\/p>\n<p>Bei der Verwendung eines optiklosen Adapters 1.0x wird in der Regel die komplette Sensorfl\u00e4che genutzt. Hierbei kann man zwischen der vollen Aufl\u00f6sung des Sensors und der durch Binning (4 Pixel werden zu einem Pixel zusammengefasst) auf 5MP reduzierten Aufl\u00f6sung w\u00e4hlen. Im letzteren Fall erh\u00e4lt man hinsichtlich Aufl\u00f6sung und erfasstem Bereich prinzipiell das gleiche Resultat, wie bei der Verwendung einer 5MP-Kamera mit einem Sensor im Format 1\/2\u201c an einem Adapter 0.5x. Da jedoch normalerweise keine Optik in einem Adapter 1.0x verbaut ist, sind diese Adapter wesentlich g\u00fcnstiger, als Adapter mit bildverengender 0.5x-Optik*.<\/p>\n<div align=\"center\"><img loading=\"lazy\" decoding=\"async\" class=\"alignnone size-full wp-image-2474\" src=\"https:\/\/www.mikroskopie.de\/wp-content\/uploads\/2019\/10\/euro_klein.jpg\" alt=\"\" width=\"900\" height=\"600\" srcset=\"https:\/\/www.mikroskopie.de\/wp-content\/uploads\/2019\/10\/euro_klein.jpg 900w, https:\/\/www.mikroskopie.de\/wp-content\/uploads\/2019\/10\/euro_klein-320x213.jpg 320w, https:\/\/www.mikroskopie.de\/wp-content\/uploads\/2019\/10\/euro_klein-450x300.jpg 450w, https:\/\/www.mikroskopie.de\/wp-content\/uploads\/2019\/10\/euro_klein-768x512.jpg 768w\" sizes=\"auto, (max-width: 900px) 100vw, 900px\" \/><br \/>\nBeispielbild mit Binning und optiklosem Adapter 1x (Motic Panthera TEC \/ Objektiv 10x \/ Oberfl\u00e4che einer M\u00fcnze (1\u20ac) \/ Auflicht-Polarisation)<br \/>\nF\u00fcr das Bild wurden 15 aufnahmen <a href=\"https:\/\/www.youtube.com\/watch?v=FvGwQl0uD4Y&amp;t=14s\" target=\"_blank\" rel=\"noopener noreferrer\">&#8211; wie hier beschrieben &#8211;<\/a> mit MikroLive erstellt und mit Helicon Focus gestackt.<\/div>\n<p><a href=\"https:\/\/www.mikroskopie.de\/multiformat_2.html\" target=\"_blank\" rel=\"noopener noreferrer\">Beispielbild in voller Aufl\u00f6sung (5 Megapixel \/ 2736&#215;1824 Pixel \/ 2,3MB)<\/a><\/p>\n<p>* Bei \u00e4lteren Mikroskopen mit chromatischer Vergr\u00f6\u00dferungsdifferenz im Zwischenbild (typischerweise Mikroskope mit \u201eEndlich-Optik\u201c), sollte kein optikloser Adapter verwendet werden, da hier die Adapteroptik auch die Kompensation dieses chromatischen Fehlers \u00fcbernimmt.<br \/>\n\n<\/div><h2 class=\"tabtitle\">Software<\/h2>\n<div class=\"tabcontent\">\n<\/p>\n<table class=\"mytable\">\n<tbody>\n<tr>\n<td><img loading=\"lazy\" decoding=\"async\" class=\"alignnone size-full wp-image-2491\" src=\"https:\/\/www.mikroskopie.de\/wp-content\/uploads\/2019\/10\/bld.jpg\" alt=\"\" width=\"550\" height=\"550\" srcset=\"https:\/\/www.mikroskopie.de\/wp-content\/uploads\/2019\/10\/bld.jpg 550w, https:\/\/www.mikroskopie.de\/wp-content\/uploads\/2019\/10\/bld-320x320.jpg 320w, https:\/\/www.mikroskopie.de\/wp-content\/uploads\/2019\/10\/bld-450x450.jpg 450w\" sizes=\"auto, (max-width: 550px) 100vw, 550px\" \/><\/td>\n<td class=\"txt\">Bei der Konzeption der Software wurde ein besonderes Augenmerk auf die in der mikroskopischen Routine auftretenden Aufgabenstellungen und Arbeitsabl\u00e4ufe gerichtet. Hierbei fanden zahlreiche Anregungen von Anwendern ihren Eingang bei der Entstehung und Weiterentwicklung der Software.<br \/>\nDie Erfassung und Verarbeitung des mikroskopischen Bildes erfolgt unter einer gemeinsamen Programmoberfl\u00e4che. Ein Wechsel zwischen Bildaufnahme- und Bearbeitungsmodul ist somit nicht notwendig. Dies macht das Arbeiten mit MikroLive besonders fl\u00fcssig und effizient.<\/td>\n<\/tr>\n<\/tbody>\n<\/table>\n<p>MikroLive 5 verf\u00fcgt insbesondere \u00fcber folgende M\u00f6glichkeiten:<\/p>\n<ul>\n<li>Speicherung von Einzelbildern in den Formaten jpg, bmp, tif und mli *<\/li>\n<li>Reimport von gespeicherten Bildern (Formate jpg, bmp und tif)<\/li>\n<li>Speicherung von Bildfolgen (\u201eZeitstapel\u201c) in den Formaten jpg und bmp<\/li>\n<li>Speicherung von Z-Stapeln zur einfachen Weiterbearbeitung mit externem Stacking-Programm<\/li>\n<li>Optionale Integration von <i>Helicon Focus<\/i> zur Erstellung gestackter Bilder direkt in MikroLive<\/li>\n<li>Speicherung von Videos (Codec: H.264 \/ Containerformat: MP4)<\/li>\n<li>Messung von L\u00e4ngen, Fl\u00e4chen, Kreisen, Winkeln<\/li>\n<li>Tabellarische Messwertansicht mit statistischen Parametern<\/li>\n<li>Einblendbarer und flexibel anpassbarer Ma\u00dfstabsbalken<\/li>\n<li>Freie Wahl zwischen \u00b5m und mm als Ma\u00dfeinheiten<\/li>\n<li>Hinzuf\u00fcgung von frei positionierbarem Text und Markierungspfeilen<\/li>\n<li>Objektz\u00e4hlungen per Mausklick<\/li>\n<li>horizontale und vertikale Bildspiegelung<\/li>\n<li>Vollbildmodus (incl. an g\u00e4ngige Bildschirmformate angepasste Darstellungsformate)<\/li>\n<li>Begrenzung des Livebildes auf eine frei definierbare ROI (Region of Interest)<\/li>\n<li>Einfache Definition von Bildausschnitten<\/li>\n<li>Monochrommodus f\u00fcr erh\u00f6hte Bildsch\u00e4rfe<\/li>\n<li>Hintergrundausgleich (\u201eShading-Korrektur\u201c)<\/li>\n<li>Reduktion des Bildrauschens durch Einzelbild\u00fcberlagerung<\/li>\n<li>Kompensation der chromatischen Vergr\u00f6\u00dferungsdifferenz (CVD)<\/li>\n<li>Histogrammfunktion<\/li>\n<li>Speicherung individueller Voreinstellungen<\/li>\n<li>Sehr einfache und schnelle Einstellung der Kameraparameter (Belichtungszeit, Wei\u00dfabgleich, Gamma&#8230;)<\/li>\n<\/ul>\n<p>* mli (MikroLive Image) ist ein Dateiformat von MikroLive, welches Messungen und Z\u00e4hlungen mit zuvor gespeicherten Bildern erm\u00f6glicht. Hierdurch kann eine Arbeitssitzung gespeichert und sp\u00e4ter fortgesetzt werden.<\/p>\n<p align=\"right\"><a href=\"https:\/\/www.mikroskopie.de\/multiformat_1.html\" target=\"_blank\" rel=\"noopener noreferrer\"><img decoding=\"async\" src=\"grafiken\/arw.png\" alt=\"\" \/> <\/a><a href=\"#top\" target=\"_self\" rel=\"noopener noreferrer\">\u00dcbersicht<\/a><\/p>\n<p>\n<\/div><h2 class=\"tabtitle\">Durchlichtmikroskopie<\/h2>\n<div class=\"tabcontent\">\n<br \/>\nDie nachfolgenden Beispielaufnahmen sind nicht nachbearbeitet.<\/p>\n<p><img decoding=\"async\" src=\"grafiken\/ml1.jpg\" alt=\"\" \/><br \/>\nCarl Zeiss Axio Scope.A1 \/ EC Plan-Neofluar 20X \/ Adapter 0,5X \/ Niere des Schweins &#8211; Kernechtrubin \/ MikroLive USB3 6,4MP || <a href=\"grafiken\/ml1g.jpg\" target=\"_blank\" rel=\"noopener noreferrer\">Aufnahme in voller Aufl\u00f6sung (4,5MB)<\/a><\/p>\n<p><img loading=\"lazy\" decoding=\"async\" class=\"alignnone size-full wp-image-2495\" src=\"https:\/\/www.mikroskopie.de\/wp-content\/uploads\/2019\/10\/polklein.jpg\" alt=\"\" width=\"1050\" height=\"700\" srcset=\"https:\/\/www.mikroskopie.de\/wp-content\/uploads\/2019\/10\/polklein.jpg 1050w, https:\/\/www.mikroskopie.de\/wp-content\/uploads\/2019\/10\/polklein-320x213.jpg 320w, https:\/\/www.mikroskopie.de\/wp-content\/uploads\/2019\/10\/polklein-450x300.jpg 450w, https:\/\/www.mikroskopie.de\/wp-content\/uploads\/2019\/10\/polklein-768x512.jpg 768w\" sizes=\"auto, (max-width: 1050px) 100vw, 1050px\" \/>Motic BA310Pol \/ EC PL P 4X \/ Adapter 1,0X \/ Gesteinsd\u00fcnnschliff (Granit) mit Lambda-Platte (Rot I. Ordnung) \/ MikroLive MultiFormat im Binning-Modus || <a href=\"https:\/\/www.mikroskopie.de\/wp-content\/uploads\/2019\/10\/pol.jpg\" target=\" rel=\" rel=\"noopener noreferrer\">Aufnahme in voller Aufl\u00f6sung (2,25MB)<\/a><\/p>\n<p><img decoding=\"async\" src=\"grafiken\/ml3.jpg\" alt=\"\" \/><br \/>\nCarl Zeiss Axio Lab.A1 \/ A-Plan 100X\/1,25 Oil Ph3 \/ Adapter 0,5X \/ Epithelzellen aus der Mundschleimhaut (Monochrommodus) \/ MikroLive USB3 6,4MP || <a href=\"grafiken\/ml3g.jpg\" target=\"_blank\" rel=\"noopener noreferrer\">Aufnahme in voller Aufl\u00f6sung (2MB)<\/a><\/p>\n<p align=\"right\"><img decoding=\"async\" src=\"grafiken\/arw.png\" alt=\"\" \/> <a href=\"#top\" target=\"_self\" rel=\"noopener noreferrer\">\u00dcbersicht<\/a><\/p>\n<p>\n<\/div><h2 class=\"tabtitle\">Stereomikroskopie<\/h2>\n<div class=\"tabcontent\">\n<br \/>\nDie nachfolgenden Beispielaufnahmen sind nicht nachbearbeitet.<\/p>\n<p><img loading=\"lazy\" decoding=\"async\" class=\"alignnone size-full wp-image-3635\" src=\"https:\/\/www.mikroskopie.de\/wp-content\/uploads\/2022\/07\/kaffeebohne_klein.jpg\" alt=\"\" width=\"1050\" height=\"738\" srcset=\"https:\/\/www.mikroskopie.de\/wp-content\/uploads\/2022\/07\/kaffeebohne_klein.jpg 1050w, https:\/\/www.mikroskopie.de\/wp-content\/uploads\/2022\/07\/kaffeebohne_klein-450x316.jpg 450w, https:\/\/www.mikroskopie.de\/wp-content\/uploads\/2022\/07\/kaffeebohne_klein-320x225.jpg 320w, https:\/\/www.mikroskopie.de\/wp-content\/uploads\/2022\/07\/kaffeebohne_klein-768x540.jpg 768w\" sizes=\"auto, (max-width: 1050px) 100vw, 1050px\" \/><br \/>\nCarl Zeiss Stemi 508 \/ Adapter 0,63X \/ Kaffeebohne \/ MikroLive MultiFormat || <a href=\"wp-content\/uploads\/2022\/07\/kaffeebohne.jpg\" target=\"_blank\" rel=\"noopener noreferrer\">Aufnahme in voller Aufl\u00f6sung (5,05MB)<\/a><\/p>\n<p><img loading=\"lazy\" decoding=\"async\" class=\"alignnone size-full wp-image-3637\" src=\"https:\/\/www.mikroskopie.de\/wp-content\/uploads\/2022\/07\/streichholz_klein.jpg\" alt=\"\" width=\"1050\" height=\"591\" srcset=\"https:\/\/www.mikroskopie.de\/wp-content\/uploads\/2022\/07\/streichholz_klein.jpg 1050w, https:\/\/www.mikroskopie.de\/wp-content\/uploads\/2022\/07\/streichholz_klein-450x253.jpg 450w, https:\/\/www.mikroskopie.de\/wp-content\/uploads\/2022\/07\/streichholz_klein-320x180.jpg 320w, https:\/\/www.mikroskopie.de\/wp-content\/uploads\/2022\/07\/streichholz_klein-768x432.jpg 768w\" sizes=\"auto, (max-width: 1050px) 100vw, 1050px\" \/><br \/>\nCarl Zeiss Stemi 508 \/ Adapter 0,5X \/ Streichholkopf \/ MikroLive MultiFormat \/ 5 Einzelaufnahmen gestackt und zur Einblendung des Ma\u00dfstabes nach MikroLive reimportiert || <a href=\"wp-content\/uploads\/2022\/07\/streichholz.jpg\" target=\"_blank\" rel=\"noopener noreferrer\">Aufnahme in voller Aufl\u00f6sung (6,15MB)<\/a><\/p>\n<p align=\"right\"><img decoding=\"async\" src=\"grafiken\/arw.png\" alt=\"\" \/> <a href=\"#top\" target=\"_self\" rel=\"noopener noreferrer\">\u00dcbersicht<\/a><\/p>\n<p>\n<\/div><h2 class=\"tabtitle\">Videos<\/h2>\n<div class=\"tabcontent\">\n<br \/>\nSeit der Version 5 erm\u00f6glicht MikroLive auch die Erstellung von Videos (Container: MP4 \/ Codec: H.264), z.B. f\u00fcr didaktische Zwecke.<\/p>\n<div align=\"center\"><video style=\"border: 0px solid black;\" poster=\"grafiken\/zeiss\/oscillatoria.jpg\" preload=\"none\" muted=\"\" controls=\"controls\" width=\"1038\" height=\"585\"><source src=\"grafiken\/zeiss\/oscillatoria.mp4\" type=\"video\/mp4\" \/>Das Video kann in Ihrem Browser leider nicht abgespielt werden.<\/video><\/div>\n<p>Cyanobakterium <i>Oscillatoria sp.<\/i> im Hellfeld &#8211; Carl Zeiss EC Plan-Neofluar 100x \/ C-Mount 0,63X<br \/>\nAufgenommen mit MikroLive MultiFormat und Full-HD (1920&#215;1080) mit 60 Bildern\/Sekunde<\/p>\n<div align=\"center\"><video style=\"border: 0px solid grey;\" poster=\"grafiken\/zeiss\/vorticella.jpg\" preload=\"none\" muted=\"\" controls=\"controls\" width=\"1037\" height=\"586\"><source src=\"grafiken\/zeiss\/video_vorti.mp4\" type=\"video\/mp4\" \/>Das Video kann in Ihrem Browser leider nicht abgespielt werden.<\/video><\/div>\n<p>Glockentierchen aus Belebtschlamm im Phasenkontrast &#8211; Carl Zeiss N-Achroplan 40x Ph2 \/ C-Mount 0,63X<br \/>\nAufgenommen mit MikroLive MultiFormat und Full-HD (1920&#215;1080) im Monochrommodus mit 60 Bildern\/Sekunde<\/p>\n<div align=\"center\"><video style=\"border: 0px solid grey;\" poster=\"grafiken\/zeiss\/ophrydium.jpg\" preload=\"none\" muted=\"\" controls=\"controls\" width=\"1037\" height=\"586\"><source src=\"mikrolive\/download\/Ophrydium.mp4\" type=\"video\/mp4\" \/>Das Video kann in Ihrem Browser leider nicht abgespielt werden.<\/video><\/div>\n<p>Wimpertierchen <i>Ophrydium versatile<\/i> im Hellfeld &#8211; Carl Zeiss A-Plan 20x \/ C-Mount 0,63x<br \/>\nAufgenommen mit MikroLive Multiformat in der Aufl\u00f6sung von 3840&#215;2160 (&#8222;4K&#8220;) und 30 Bildern\/Sekunde.<\/p>\n\n<\/div><h2 class=\"tabtitle\">Downloads\/Infos<\/h2>\n<div class=\"tabcontent\">\n\n<p><img decoding=\"async\" src=\"grafiken\/adobereader.png\" alt=\"\" \/> <a href=\"https:\/\/www.mikroskopie.de\/mikrolive\/download\/MikroLive_V6.pdf\" target=\"_blank\" rel=\"noopener noreferrer\">Bedienungsanleitung zu MikroLive (14,5 MB).<\/a><br \/>\n&#8212;&#8212;&#8212;&#8212;&#8212;&#8212;&#8212;&#8212;&#8212;&#8212;&#8212;&#8212;<br \/>\nDownload der aktuellen Version MikroLive 6 (Stand 16\/03\/2026).Der Download enth\u00e4lt die komplette Installation incl. der Treiber.<br \/>\nDownload: <a href=\"https:\/\/www.mikroskopie.de\/mikrolive\/download\/MLInstall.zip\">MikroLive-Software (Version 6) f\u00fcr Kameras mit <strong>Sony-Sensoren<\/strong> und <b>Version 5MP R2<\/b><\/a>* (100MB)<br \/>\nDownload: <a href=\"https:\/\/www.mikroskopie.de\/mikrolive\/download\/MLInstall_Aptina.zip\"> MikroLive-Software (Version 6) f\u00fcr Kameras mit <strong>Onsemi-Sensoren<\/strong><\/a> ** (100MB)<\/p>\n<p>Download der Version MikroLive 4.0 (Stand 27\/04\/2020).Der Download enth\u00e4lt die komplette Installations-CD incl. der Treiber. Die Version 4.0 kann parallel zu den \u00e4lteren Versionen installiert werden.<br \/>\nDownload: <a href=\"https:\/\/www.mikroskopie.de\/mikrolive\/download\/mikroLive_v4_sony_sensors.zip\">MikroLive-Software (Version 4.0) f\u00fcr Kameras mit <strong>Sony-Sensoren<\/strong><\/a>* (60MB)<br \/>\nDownload: <a href=\"https:\/\/www.mikroskopie.de\/mikrolive\/download\/mikroLive_v4_aptina_sensors.zip\"> MikroLive-Software (Version 4.0) f\u00fcr Kameras mit <strong>Onsemi-Sensoren<\/strong><\/a> ** (60MB)<\/p>\n<p>Download der \u00e4lteren Version MikroLive 3.0 (Stand 17\/04\/2018). Der Download enth\u00e4lt jeweils die komplette Installations-CD incl. der Treiber. Die Version 3.0 kann parallel zur Version 2.0 installiert werden.<br \/>\nDownload: <a href=\"https:\/\/www.mikroskopie.de\/mikrolive\/download\/mikroLive_v3_sony_sensors.zip\">MikroLive-Software (Version 3.0) f\u00fcr Kameras mit <strong>Sony-Sensoren<\/strong><\/a>* (26MB)<br \/>\nDownload: <a href=\"https:\/\/www.mikroskopie.de\/mikrolive\/download\/mikroLive_v3_aptina_sensors.zip\">MikroLive-Software (Version 3.0) f\u00fcr Kameras mit <strong>Onsemi-Sensoren<\/strong><\/a>** (26MB)<\/p>\n<p>* MikroLive f\u00fcr die Versionen MikroLive 5MP R2, MikroLive 6,4MP, MikroLive 12MP, MikroLive 3MP+, MikroLive 5MP+, MikroLive MONO+ und MikroLive MultiFormat (MultiFormat nur mit MikroLive ab 4.0, 5MP R2 nur mit MikroLive ab 5.2)<br \/>\n** MikroLive f\u00fcr die Versionen MikroLive USB3 5MP und MikroLive USB2 5MP<br \/>\n&#8212;&#8212;&#8212;&#8212;&#8212;&#8212;&#8212;&#8212;&#8212;&#8212;&#8212;&#8212;<br \/>\n<a href=\"https:\/\/www.youtube.com\/user\/CLMikroskopie\" target=\"_blank\" rel=\"noopener noreferrer\">MikroLive auf youtube<\/a><br \/>\n&#8212;&#8212;&#8212;&#8212;&#8212;&#8212;&#8212;&#8212;&#8212;&#8212;&#8212;&#8212;<\/p>\n<p>Ihre Anfrage zu MikroLive:<br \/>\nTelefonisch: 06235 4910210<br \/>\nPer EMail: <a href=\"mailto:linkenheld@mikroskopie.de?subject=Frage MikroLive\">Anfrage zu MikroLive<\/a><\/p>\n<p align=\"right\"><img decoding=\"async\" src=\"grafiken\/arw.png\" alt=\"\" \/> <a href=\"#top\" target=\"_self\" rel=\"noopener noreferrer\">\u00dcbersicht<\/a><\/p>\n<\/div><\/div>\n<table class=\"unten\" border=\"0\" width=\"1050\" cellspacing=\"0\">\n<tbody>\n<tr>\n<td valign=\"middle\" width=\"50\"><a href=\"https:\/\/www.mikroskopie.de\"><img loading=\"lazy\" decoding=\"async\" src=\"grafiken\/logo.gif\" alt=\"Zur Startseite von mikroskopie.de\" width=\"27\" height=\"35\" border=\"0\" \/><\/a><\/td>\n<td width=\"825\">\u00a9 2024 <a href=\"mailto:linkenheld@mikroskopie.de\">Christian Linkenheld<\/a> \/ Elisabethenstr. 16 \/ 67105 Schifferstadt \/ Telefon: 06235 4910210<\/td>\n<td width=\"169\">\n<div align=\"right\">16\/04\/2024<\/div>\n<\/td>\n<\/tr>\n<tr>\n<td style=\"text-align: right;\" colspan=\"3\"><a href=\"?page_id=213\">Impressum<\/a> | <a href=\"?page_id=2020\">Datenschutz<\/a> | <a href=\"?page_id=1035\">AGB<\/a> \u00a0\u00a0||\u00a0\u00a0 <a href=\"?page_id=192\">Anfahrt<\/a> | <a href=\"?page_id=956\">Team<\/a><\/td>\n<\/tr>\n<\/tbody>\n<\/table>\n","protected":false},"excerpt":{"rendered":"<p>MikroLive ist das effektive Imaging-Paket f\u00fcr die mikroskopische Routine MikroLive wurde speziell f\u00fcr das Imaging in der mikroskopischen Routine konzipiert. Neben der Software beinhaltet MikroLive eine sehr kompakte Kamera, die per C-Mount an praktisch jedes Mikroskop mit Kameraausgang adaptiert werden kann. Zur Auswahl stehen &#8211; je nach Anforderungsprofil &#8211; mehrere Kameras mit unterschiedlichen Sensoren von [&hellip;]<\/p>\n","protected":false},"author":1,"featured_media":0,"parent":0,"menu_order":0,"comment_status":"closed","ping_status":"closed","template":"","meta":{"_genesis_hide_title":false,"_genesis_hide_breadcrumbs":false,"_genesis_hide_singular_image":false,"_genesis_hide_footer_widgets":false,"_genesis_custom_body_class":"","_genesis_custom_post_class":"","_genesis_layout":"","footnotes":""},"class_list":{"0":"post-2346","1":"page","2":"type-page","3":"status-publish","5":"entry"},"_links":{"self":[{"href":"https:\/\/www.mikroskopie.de\/index.php?rest_route=\/wp\/v2\/pages\/2346","targetHints":{"allow":["GET"]}}],"collection":[{"href":"https:\/\/www.mikroskopie.de\/index.php?rest_route=\/wp\/v2\/pages"}],"about":[{"href":"https:\/\/www.mikroskopie.de\/index.php?rest_route=\/wp\/v2\/types\/page"}],"author":[{"embeddable":true,"href":"https:\/\/www.mikroskopie.de\/index.php?rest_route=\/wp\/v2\/users\/1"}],"replies":[{"embeddable":true,"href":"https:\/\/www.mikroskopie.de\/index.php?rest_route=%2Fwp%2Fv2%2Fcomments&post=2346"}],"version-history":[{"count":163,"href":"https:\/\/www.mikroskopie.de\/index.php?rest_route=\/wp\/v2\/pages\/2346\/revisions"}],"predecessor-version":[{"id":4874,"href":"https:\/\/www.mikroskopie.de\/index.php?rest_route=\/wp\/v2\/pages\/2346\/revisions\/4874"}],"wp:attachment":[{"href":"https:\/\/www.mikroskopie.de\/index.php?rest_route=%2Fwp%2Fv2%2Fmedia&parent=2346"}],"curies":[{"name":"wp","href":"https:\/\/api.w.org\/{rel}","templated":true}]}}