{"id":243,"date":"2015-11-18T15:17:20","date_gmt":"2015-11-18T14:17:20","guid":{"rendered":"http:www.mikroskopie.de\/?page_id=243"},"modified":"2024-04-18T09:10:39","modified_gmt":"2024-04-18T08:10:39","slug":"ae2000","status":"publish","type":"page","link":"https:\/\/www.mikroskopie.de\/?page_id=243","title":{"rendered":"AE2000"},"content":{"rendered":"<table class=\"mytable\" cellspacing=\"0\" cellpadding=\"2\">\n<tbody>\n<tr>\n<td align=\"left\" valign=\"middle\">Motic<\/p>\n<p><b>AE2000<\/b>:<\/p>\n<p>Das robuste Inversmikroskop f\u00fcr die Laborroutine<\/td>\n<td>\n<div align=\"center\"><img decoding=\"async\" src=\"grafiken\/motic\/AE2000.jpg\" alt=\"\"><\/div>\n<\/td>\n<td align=\"right\" valign=\"top\" width=\"200\">\n<div align=\"right\">\n<table class=\"mytable\" border=\"0\" width=\"200\" cellspacing=\"0\" cellpadding=\"2\">\n<tbody>\n<tr>\n<td class=\"mytable\">Carl Zeiss:<br \/>\n<a href=\"?page_id=221\">Primostar 3<\/a><br \/>\n<a href=\"?page_id=169\">Stemi 305<\/a><br \/>\n<a href=\"?page_id=171\">Stemi 508<\/a><br \/>\n<a href=\"?page_id=223\">Axiolab 5<\/a><\/td>\n<td class=\"mytable\">Motic:<br \/>\n<a href=\"?page_id=231\">BA210LED<\/a><br \/>\n<a href=\"?page_id=235\">BA210E<\/a><br \/>\n<a href=\"?page_id=229\">BA310LED<\/a><br \/>\n<a href=\"?page_id=233\">BA310E<\/a><br \/>\n<a href=\"?page_id=241\">BA410E<\/a><br \/>\n<a href=\"?page_id=237\">SMZ171<\/a><br \/>\n<a href=\"?page_id=243\">AE2000<\/a><br \/>\n<a href=\"?page_id=1779\">Panthera C2<\/a><\/td>\n<\/tr>\n<\/tbody>\n<\/table>\n<\/div>\n<\/td>\n<\/tr>\n<\/tbody>\n<\/table>\n<p><div class=\"responsive-tabs\">\n<h2 class=\"tabtitle\">Merkmale<\/h2>\n<div class=\"tabcontent\">\n<br \/>\nDas AE2000 ist f\u00fcr die t\u00e4gliche Routine speziell im Phasenkontrast konzipiert und zeichnet sich durch folgende Eigenschaften aus:<\/p>\n<ul>\n<li>Objektive 4x\/10x\/20x\/40x als Hellfeld- oder Phasenkontrastversion<\/li>\n<li>Eine Phasenblende f\u00fcr die Objektive 10x\/20x\/40x<\/li>\n<li>Optionale LED-Beleuchtung<\/li>\n<li>ELWD-Kondensor mit einem Arbeitsabstand von 72mm<\/li>\n<li>Optionaler Objektf\u00fchrer<\/li>\n<\/ul>\n<p>\n<\/div><h2 class=\"tabtitle\">Kameraadaption<\/h2>\n<div class=\"tabcontent\">\n<br \/>\nDie trinokulare Version des AE2000 erm\u00f6glicht sowohl die Adaption herk\u00f6mmlicher Systemkameras (z.B. DSLR mit &#8222;APS-C&#8220;-Sensor), als auch von speziellen Mikroskopiekameras, die auf dem C-Mount-Standard basieren. In der mikroskopischen Praxis mit dem AE2000 kommt in der Regel das Phasenkontrastverfahren zur Anwendung. Hierbei kann zumeist auf eine farbige Wiedergabe des Bildes verzichtet werden. Es empfiehlt sich dann die Verwendung des mitgelieferten gr\u00fcnen Interferenzfilters und der Einsatz einer monochromen Kamera (bzw. einer Kamera mit &#8222;Monochrommodus&#8220;). Die hierbei erfassten Graustufenbilder zeichnen sich durch eine h\u00f6here Sch\u00e4rfe aus, als dies bei einer Aufnahme in Farbe m\u00f6glich w\u00e4re.<\/p>\n<div align=\"center\"><iframe loading=\"lazy\" src=\"https:\/\/www.mikroskopie.de\/kameraadaptionen\/ae2000\/ae2000_c_mount.html\" width=\"800\" height=\"680\" frameborder=\"0\"><\/iframe><\/div>\n<div align=\"center\"><iframe loading=\"lazy\" src=\"https:\/\/www.mikroskopie.de\/kameraadaptionen\/ae2000\/ae2000_systemkamera.html\" width=\"800\" height=\"680\" frameborder=\"0\"><\/iframe><\/div>\n\n<\/div><h2 class=\"tabtitle\">Beispielbilder<\/h2>\n<div class=\"tabcontent\">\n\n<div align=\"center\"><img decoding=\"async\" src=\"grafiken\/motic\/ae2000_pl10.jpg\" alt=\"\"><\/div>\n<p><i>Amoeba proteus<\/i> (Kultur in Petrischale) \/ Phasenkontrast \/ Objektiv PL Ph 10x \/ C-Mount-Adapter 0,65x \/ <a href=\"?page_id=2\">Kamerasystem MikroLive USB3 5MP<\/a> im Monochrommodus<br \/>\n\n<\/div><h2 class=\"tabtitle\">Preise &amp; Informationsmaterial<\/h2>\n<div class=\"tabcontent\">\n<br \/>\nStandardkonfiguration:<\/p>\n<table class=\"mytable\" cellspacing=\"0\" cellpadding=\"10\">\n<tbody>\n<tr>\n<td width=\"50%\"><strong>AE2000 Trinokular (Ohne 40X) mit:<\/strong><br \/>\nTrinokulartubus, Siedentopf Typ, 45\u00ba Einblickwinkel<br \/>\n(Strahlenteilung 100:0\/20:80)<br \/>\nWeitfeld Brillentr\u00e4ger-Okulare N-WF10X\/20mm mit<br \/>\nDioptrieneinstellung an beiden Okularen, inkl. Augenmuscheln<br \/>\n4-fach Objektivrevolver, seitlich geneigt<br \/>\nCCIS Plan Achromat Objektive PL 4X,<br \/>\nCCIS Plan Achromat Phasen Objektive PL Ph 10X, LWD PL Ph 20X<br \/>\nKoaxialer Grob- und Feintrieb, Grobtrieb einstellbar<br \/>\neinfache Tischplatte mit Tischeinsatz Glas\/Metall<br \/>\nELWD N.A. 0,30 Kondensor<br \/>\nPhasenschieber Ph1, Hellfeld<br \/>\nZentrierteleskop<br \/>\nregelbare Halogen-Beleuchtung 6V\/30W mit Auto-OFF Funktion<br \/>\nNetzteil 100V-240V, VDE-Stecker (CE)<br \/>\n\u00d8 45mm Blaufilter, Interferenzfilter gr\u00fcn und Neutralfilter mit Schieber<br \/>\nNetzkabel, Inbusschl\u00fcssel, Staubschutzh\u00fclle<br \/>\n<strong>Preis incl. MwSt. 19% : 3200,00\u20ac<\/strong><\/td>\n<td valign=\"top\"><strong>G\u00e4ngiges Zubeh\u00f6r (Preise incl. MwSt. 19%):<\/strong><br \/>\n0,35X C-Mount Kameraadapter: <strong>210,00\u20ac<\/strong><br \/>\n0,5X C-Mount Kameraadapter: <strong>167,00\u20ac<\/strong><br \/>\n0,65X C-Mount Kameraadapter: <strong>167,00\u20ac<\/strong><br \/>\nKameraadapter 1X Motic =&gt; T2: <strong>170,00\u20ac<\/strong><br \/>\nKameraadapter 1,6X Motic =&gt; T2: <strong>495,00\u20ac<\/strong><br \/>\nStrichplatte Skala <em>incl. Einbau in Okular<\/em>* (10mm in 100 Teilen): <strong>49,00\u20ac<\/strong><br \/>\n*<em>nur bei Kauf zu einem Mikroskop<\/em><br \/>\nPhasenring Ph0 (f\u00fcr Objektiv 4X): <strong>39,00\u20ac<\/strong><br \/>\nCCIS\u00ae Plan Achromat Phasen Objektiv PL Ph 4X\/0.10 (AA=12.6mm)<br \/>\nPh0: <strong>149,00\u20ac<\/strong><br \/>\nCCIS\u00ae Plan Achromat Phasen Objektiv LWD PL Ph 40x\/0.5<br \/>\n(AA=3.0mm) Ph1: <strong>359,00\u20ac<\/strong><br \/>\nLED Modul 6V\/3W 4500K +\/-300K Farbtemperatur: <strong>94,00\u20ac<\/strong><br \/>\nLED Modul 6V\/3W 6000K +\/-300K Farbtemperatur: <strong>94,00\u20ac<\/strong><\/td>\n<\/tr>\n<\/tbody>\n<\/table>\n<hr>\n<p style=\"text-align: center;\"><strong>Kontaktieren Sie uns f\u00fcr individuelle Konfigurationen, weiteres Zubeh\u00f6r und M\u00f6glichkeiten der digitalen Dokumentation.<\/strong><\/p>\n<hr>\n<p><a href=\"pdf\/motic\/AE2000.pdf\" target=\"_blank\" rel=\"noopener noreferrer\">Produktbrosch\u00fcre zum AE2000 (PDF \/ 2,6MB)<\/a><br \/>\n<a href=\"pdf\/motic\/digitale_dokumentation_motic.pdf\" target=\"_blank\" rel=\"noopener noreferrer\">Digitale Dokumentation mit Motic-Mikroskopen (PDF \/ 0,45MB)<\/a><br \/>\n<a href=\"pdf\/motic\/dslr_adapter_motic.pdf\" target=\"_blank\" rel=\"noopener noreferrer\">DSLR-Adapter 1,6X (PDF \/ 1,9MB)<\/a><br \/>\n\n<\/div><h2 class=\"tabtitle\">Ihre Anfrage zum AE2000<\/h2>\n<div class=\"tabcontent\">\n<br \/>\nTelefonisch: 06235 4910210<br \/>\nPer EMail: <a href=\"mailto:linkenheld@mikroskopie.de?subject=Frage zum AE2000\">Anfrage zum AE2000<\/a><\/p>\n<\/div><\/div>\n<table class=\"unten\" border=\"0\" width=\"1050\" cellspacing=\"0\">\n<tbody>\n<tr>\n<td valign=\"middle\" width=\"50\"><a href=\"https:\/\/www.mikroskopie.de\"><img loading=\"lazy\" decoding=\"async\" src=\"grafiken\/logo.gif\" alt=\"Zur Startseite von mikroskopie.de\" width=\"27\" height=\"35\" border=\"0\"><\/a><\/td>\n<td width=\"825\">\u00a9 2022 <a href=\"mailto:linkenheld@mikroskopie.de\">Christian Linkenheld<\/a> \/ Elisabethenstr. 16 \/ 67105 Schifferstadt \/ Telefon: 06235 4910210<\/td>\n<td width=\"169\"><\/td>\n<\/tr>\n<tr>\n<td style=\"text-align: right;\" colspan=\"3\"><a href=\"?page_id=213\">Impressum<\/a> | <a href=\"?page_id=2020\">Datenschutz<\/a> | <a href=\"?page_id=1035\">AGB<\/a> &nbsp;&nbsp;||&nbsp;&nbsp; <a href=\"?page_id=192\">Anfahrt<\/a> | <a href=\"?page_id=956\">Team<\/a><\/td>\n<\/tr>\n<\/tbody>\n<\/table>\n","protected":false},"excerpt":{"rendered":"<p>Motic AE2000: Das robuste Inversmikroskop f\u00fcr die Laborroutine Carl Zeiss: Primostar 3 Stemi 305 Stemi 508 Axiolab 5 Motic: BA210LED BA210E BA310LED BA310E BA410E SMZ171 AE2000 Panthera C2 Das AE2000 ist f\u00fcr die t\u00e4gliche Routine speziell im Phasenkontrast konzipiert und zeichnet sich durch folgende Eigenschaften aus: Objektive 4x\/10x\/20x\/40x als Hellfeld- oder Phasenkontrastversion Eine Phasenblende f\u00fcr [&hellip;]<\/p>\n","protected":false},"author":1,"featured_media":0,"parent":227,"menu_order":0,"comment_status":"closed","ping_status":"closed","template":"","meta":{"_genesis_hide_title":false,"_genesis_hide_breadcrumbs":false,"_genesis_hide_singular_image":false,"_genesis_hide_footer_widgets":false,"_genesis_custom_body_class":"","_genesis_custom_post_class":"","_genesis_layout":"","footnotes":""},"class_list":{"0":"post-243","1":"page","2":"type-page","3":"status-publish","5":"entry"},"_links":{"self":[{"href":"https:\/\/www.mikroskopie.de\/index.php?rest_route=\/wp\/v2\/pages\/243","targetHints":{"allow":["GET"]}}],"collection":[{"href":"https:\/\/www.mikroskopie.de\/index.php?rest_route=\/wp\/v2\/pages"}],"about":[{"href":"https:\/\/www.mikroskopie.de\/index.php?rest_route=\/wp\/v2\/types\/page"}],"author":[{"embeddable":true,"href":"https:\/\/www.mikroskopie.de\/index.php?rest_route=\/wp\/v2\/users\/1"}],"replies":[{"embeddable":true,"href":"https:\/\/www.mikroskopie.de\/index.php?rest_route=%2Fwp%2Fv2%2Fcomments&post=243"}],"version-history":[{"count":85,"href":"https:\/\/www.mikroskopie.de\/index.php?rest_route=\/wp\/v2\/pages\/243\/revisions"}],"predecessor-version":[{"id":4630,"href":"https:\/\/www.mikroskopie.de\/index.php?rest_route=\/wp\/v2\/pages\/243\/revisions\/4630"}],"up":[{"embeddable":true,"href":"https:\/\/www.mikroskopie.de\/index.php?rest_route=\/wp\/v2\/pages\/227"}],"wp:attachment":[{"href":"https:\/\/www.mikroskopie.de\/index.php?rest_route=%2Fwp%2Fv2%2Fmedia&parent=243"}],"curies":[{"name":"wp","href":"https:\/\/api.w.org\/{rel}","templated":true}]}}