{"id":2510,"date":"2020-03-31T14:43:39","date_gmt":"2020-03-31T13:43:39","guid":{"rendered":"https:\/\/www.mikroskopie.de\/?page_id=2510"},"modified":"2024-05-04T15:12:03","modified_gmt":"2024-05-04T14:12:03","slug":"vorfuehrgeraete","status":"publish","type":"page","link":"https:\/\/www.mikroskopie.de\/?page_id=2510","title":{"rendered":"VORF\u00dcHRGER\u00c4TE"},"content":{"rendered":"<div align=\"center\">\n<h4>Vorf\u00fchrger\u00e4te \/ reduzierte Neuware im Angebot auf mikroskopie.de<\/h4>\n<\/div>\n<hr \/>\n<p><!--\n\n\n<tr>\n\n\n<td valign=\"top\">\n\n\n<div align=\"center\"><img loading=\"lazy\" decoding=\"async\" class=\"alignnone size-full wp-image-2650\" src=\"https:\/\/www.mikroskopie.de\/wp-content\/uploads\/2023\/08\/zeiss_primo_DSLR.jpg\" alt=\"\" width=\"500\" height=\"268\"><\/div>\n\n<\/td>\n\n\n\n\n<td valign=\"top\"><b>Vorf\u00fchrger\u00e4t Anschluss P95-T2 1,6x DSLR f\u00fcr ZEISS Primo<\/b>\nDer Adapter ist speziell f\u00fcr die Adaption von Systemkameras mit Sensoren im APS-C-Format konzipiert.\nEr ist geeignet f\u00fcr trinokulare Modelle der Primo Star-Serie (nicht kompatibel mit Primostar 3).\n\n<b>Preis: 295\u20ac incl. MwSt. und Versand per DHL<\/b>\nAnfrage per EMail: <a href=\"mailto:linkenheld@mikroskopie.de?subject=Frage zum DSLR-Adapter f\u00fcr Primo\">Anfrage zum Angebot<\/a><\/td>\n\n\n<\/tr>\n\n\n\n\n<tr>\n\n\n<td colspan=\"2\">\n\n\n\n<hr>\n\n\n\n<\/td>\n\n\n<\/tr>\n\n\n--><\/p>\n<p><!--\n\n\n<tr>\n\n\n<td valign=\"top\">\n\n\n<div align=\"center\"><img loading=\"lazy\" decoding=\"async\" class=\"alignnone size-full wp-image-2639\" src=\"https:\/\/www.mikroskopie.de\/wp-content\/uploads\/2023\/08\/motic_s3_pak.jpg\" alt=\"\" width=\"500\" height=\"357\"><\/div>\n\n\n\n\n<div align=\"center\"><img loading=\"lazy\" decoding=\"async\" class=\"alignnone size-full wp-image-2639\" src=\"https:\/\/www.mikroskopie.de\/wp-content\/uploads\/2023\/08\/motic_s3_cam.jpg\" alt=\"\" width=\"500\" height=\"338\"><\/div>\n\n<\/td>\n\n\n\n\n<td valign=\"top\"><b>Vorf\u00fchrger\u00e4t Motic Moticam S3<\/b>\nSpezifikationen siehe hier: <a href=\"https:\/\/www.mikroskopie.de\/wp-content\/uploads\/2023\/08\/MOTICAM_S3.pdf\" target=\"_blank\" rel=\"noopener\">Flyer zur S3<\/a>\n\n<b>Preis: 375\u20ac incl. MwSt. und Versand per DHL<\/b>\nAnfrage per EMail:<a href=\"mailto:linkenheld@mikroskopie.de?subject=Frage zur Moticam S3\"> Anfrage zum Angebot<\/a><\/td>\n\n\n<\/tr>\n\n\n\n\n<tr>\n\n\n<td colspan=\"2\">\n\n\n\n<hr>\n\n\n\n<\/td>\n\n\n<\/tr>\n\n\n--><\/p>\n<p><!--\n\n\n<tr>\n\n\n<td colspan=\"2\">\n\n\n\n<hr>\n\n\n\n<\/td>\n\n\n<\/tr>\n\n\n\n\n<tr>\n\n\n<td>\n\n\n<div align=\"center\"><img loading=\"lazy\" decoding=\"async\" class=\"alignnone size-full wp-image-2661\" src=\"https:\/\/www.mikroskopie.de\/wp-content\/uploads\/2023\/08\/Moticam_X3.jpg\" alt=\"\" width=\"500\" height=\"292\"><\/div>\n\n<\/td>\n\n\n\n\n<td valign=\"top\"><b>Neuware\/Auslaufmodell Moticam X3 plus<\/b>\nDie Kamera incl. Zubeh\u00f6r sind originalverpackt und unbenutzt.\nSpezifikationen siehe hier: <a href=\"https:\/\/www.mikroskopie.de\/wp-content\/uploads\/2023\/08\/Moticam_X3_plus.pdf\" target=\"_blank\" rel=\"noopener\">Flyer zur Moticam X3_plus<\/a>\n\n<b>Preis: 250\u20ac incl. MwSt und Versand per DHL<\/b> (letzter Listenpreis war 505,75 \u20ac incl. MwSt.)\nAnfrage per EMail: <a href=\"mailto:linkenheld@mikroskopie.de?subject=Frage zur Moticam X3 plus\"> Anfrage zum Angebot<\/a><\/td>\n\n\n<\/tr>\n\n\n--><\/p>\n<table class=\"mytable\" border=\"0\" cellspacing=\"0\" cellpadding=\"5\">\n<tbody><!--\n\n\n<tr>\n\n\n<td>\n\n\n<div align=\"center\"><img loading=\"lazy\" decoding=\"async\" class=\"alignnone size-full wp-image-2552\" src=\"https:\/\/www.mikroskopie.de\/wp-content\/uploads\/2023\/08\/Kern_obs.jpg\" alt=\"\" width=\"500\" height=\"530\"><\/div>\n\n<\/td>\n\n\n\n\n<td valign=\"top\"><b>Vorf\u00fchrger\u00e4t Stereo-Zoom-Mikroskop KERN OZL 463:<\/b>\nOkular Vergr\u00f6\u00dferung 10 x\nOkular Sehfeld 20 mm\nZoomverh\u00e4ltnis 6,4:1\nZoom [Min] 0,7 x\nZoom [Max] 4,5 x\nBeleuchtungsart Durchlicht LED\nBeleuchtungsart Auflicht LED\nArbeitsabstand 105 mm\n\n<b>Preis: 295\u20ac incl. MwSt. und Versand per DHL&nbsp;<\/b>\nAnfrage per EMail: <a href=\"mailto:linkenheld@mikroskopie.de?subject=Frage zu Stereo-Zoom-Mikroskop OZL 463\"> Anfrage zum Angebot<\/a><\/td>\n\n\n<\/tr>\n\n\n\n\n<tr>\n\n\n<td colspan=\"2\">\n\n\n\n<hr>\n\n\n\n<\/td>\n\n\n<\/tr>\n\n\n--><\/p>\n<tr>\n<td valign=\"top\"><img loading=\"lazy\" decoding=\"async\" class=\"size-full wp-image-4660 alignleft\" src=\"https:\/\/www.mikroskopie.de\/wp-content\/uploads\/2024\/05\/40erprimopc.jpg\" alt=\"\" width=\"453\" height=\"500\" srcset=\"https:\/\/www.mikroskopie.de\/wp-content\/uploads\/2024\/05\/40erprimopc.jpg 453w, https:\/\/www.mikroskopie.de\/wp-content\/uploads\/2024\/05\/40erprimopc-408x450.jpg 408w, https:\/\/www.mikroskopie.de\/wp-content\/uploads\/2024\/05\/40erprimopc-290x320.jpg 290w\" sizes=\"auto, (max-width: 453px) 100vw, 453px\" \/><\/td>\n<td valign=\"top\"><span class=\"accessory-name\" data-v-3aa65edc=\"\">Objektiv Plan-Achromat 40x\/0,65 Ph2 f\u00fcr Primo &#8211; neuwertig aus Vorf\u00fchrbestand <\/span><span class=\"accessory-pid\" data-v-3aa65edc=\"\">Artikelnummer: 415500-1603-001<br \/>\n<\/span>Preis: 195,00 \u20ac incl. MwSt (19%) und Versand per DHL<\/p>\n<p>Anfrage per EMail: <a href=\"mailto:linkenheld@mikroskopie.de?subject=Frage zur Axiocam 105 color\"> Anfrage zum Angebot<\/a><\/td>\n<\/tr>\n<tr>\n<td colspan=\"2\">\n<hr \/>\n<\/td>\n<\/tr>\n<tr>\n<td>\n<div align=\"center\"><img loading=\"lazy\" decoding=\"async\" class=\"size-full wp-image-4659 alignleft\" src=\"https:\/\/www.mikroskopie.de\/wp-content\/uploads\/2024\/05\/40erecplan.jpg\" alt=\"\" width=\"500\" height=\"664\" srcset=\"https:\/\/www.mikroskopie.de\/wp-content\/uploads\/2024\/05\/40erecplan.jpg 500w, https:\/\/www.mikroskopie.de\/wp-content\/uploads\/2024\/05\/40erecplan-339x450.jpg 339w, https:\/\/www.mikroskopie.de\/wp-content\/uploads\/2024\/05\/40erecplan-241x320.jpg 241w\" sizes=\"auto, (max-width: 500px) 100vw, 500px\" \/><\/div>\n<\/td>\n<td valign=\"top\"><span class=\"accessory-name\" data-v-3aa65edc=\"\">Objektiv EC Plan 40x\/0,65 f\u00fcr Motic BA 210\/310 &#8211; Neuware<br \/>\n<\/span>Preis: 65,00 \u20ac incl. MwSt (19%) und Versand per DHL<\/p>\n<p>Anfrage per EMail: <a style=\"font-size: revert; font-family: inherit; font-weight: inherit;\" href=\"mailto:linkenheld@mikroskopie.de?subject=Frage zum C-Mount-Adapter f\u00fcr Primo\"> Anfrage zum Angebot<\/a><\/td>\n<\/tr>\n<tr>\n<td colspan=\"2\">\n<hr \/>\n<\/td>\n<\/tr>\n<tr>\n<td>\n<div align=\"center\"><img loading=\"lazy\" decoding=\"async\" class=\"size-full wp-image-4658 alignleft\" src=\"https:\/\/www.mikroskopie.de\/wp-content\/uploads\/2024\/05\/100erecplan.jpg\" alt=\"\" width=\"317\" height=\"500\" srcset=\"https:\/\/www.mikroskopie.de\/wp-content\/uploads\/2024\/05\/100erecplan.jpg 317w, https:\/\/www.mikroskopie.de\/wp-content\/uploads\/2024\/05\/100erecplan-285x450.jpg 285w, https:\/\/www.mikroskopie.de\/wp-content\/uploads\/2024\/05\/100erecplan-203x320.jpg 203w\" sizes=\"auto, (max-width: 317px) 100vw, 317px\" \/><\/div>\n<\/td>\n<td valign=\"top\"><span class=\"accessory-name\" data-v-3aa65edc=\"\">Objektiv EC Plan 100x\/1,25oil f\u00fcr Motic BA 210\/310 &#8211; Neuware mit 5ml Immersions\u00f6l<br \/>\n<\/span>Preis: 80,00 \u20ac incl. MwSt (19%) und Versand per DHL<\/p>\n<p>Anfrage per EMail: <a href=\"mailto:linkenheld@mikroskopie.de?subject=Frage zum C-Mount-Adapter f\u00fcr Primo\"> Anfrage zum Angebot<\/a><\/td>\n<\/tr>\n<\/tbody>\n<\/table>\n<table class=\"unten\" border=\"0\" width=\"1050\" cellspacing=\"0\">\n<tbody>\n<tr>\n<td valign=\"middle\" width=\"50\"><a href=\"https:\/\/www.mikroskopie.de\"><img loading=\"lazy\" decoding=\"async\" src=\"grafiken\/logo.gif\" alt=\"Zur Startseite von mikroskopie.de\" width=\"27\" height=\"35\" border=\"0\" \/><\/a><\/td>\n<td width=\"825\">\u00a9 2024 <a href=\"mailto:linkenheld@mikroskopie.de\">Christian Linkenheld<\/a> \/ Elisabethenstr. 16 \/ 67105 Schifferstadt \/ Telefon: 06235 4910210<\/td>\n<td width=\"169\"><\/td>\n<\/tr>\n<tr>\n<td style=\"text-align: right;\" colspan=\"3\"><a href=\"?page_id=213\">Impressum<\/a> | <a href=\"?page_id=2020\">Datenschutz<\/a> | <a href=\"?page_id=1035\">AGB<\/a> || <a href=\"?page_id=192\">Anfahrt<\/a> | <a href=\"?page_id=956\">Team<\/a><\/td>\n<\/tr>\n<\/tbody>\n<\/table>\n","protected":false},"excerpt":{"rendered":"<p>Vorf\u00fchrger\u00e4te \/ reduzierte Neuware im Angebot auf mikroskopie.de Objektiv Plan-Achromat 40x\/0,65 Ph2 f\u00fcr Primo &#8211; neuwertig aus Vorf\u00fchrbestand Artikelnummer: 415500-1603-001 Preis: 195,00 \u20ac incl. MwSt (19%) und Versand per DHL Anfrage per EMail: Anfrage zum Angebot Objektiv EC Plan 40x\/0,65 f\u00fcr Motic BA 210\/310 &#8211; Neuware Preis: 65,00 \u20ac incl. MwSt (19%) und Versand per [&hellip;]<\/p>\n","protected":false},"author":1,"featured_media":0,"parent":0,"menu_order":0,"comment_status":"closed","ping_status":"closed","template":"","meta":{"_genesis_hide_title":false,"_genesis_hide_breadcrumbs":false,"_genesis_hide_singular_image":false,"_genesis_hide_footer_widgets":false,"_genesis_custom_body_class":"","_genesis_custom_post_class":"","_genesis_layout":"","footnotes":""},"class_list":{"0":"post-2510","1":"page","2":"type-page","3":"status-publish","5":"entry"},"_links":{"self":[{"href":"https:\/\/www.mikroskopie.de\/index.php?rest_route=\/wp\/v2\/pages\/2510","targetHints":{"allow":["GET"]}}],"collection":[{"href":"https:\/\/www.mikroskopie.de\/index.php?rest_route=\/wp\/v2\/pages"}],"about":[{"href":"https:\/\/www.mikroskopie.de\/index.php?rest_route=\/wp\/v2\/types\/page"}],"author":[{"embeddable":true,"href":"https:\/\/www.mikroskopie.de\/index.php?rest_route=\/wp\/v2\/users\/1"}],"replies":[{"embeddable":true,"href":"https:\/\/www.mikroskopie.de\/index.php?rest_route=%2Fwp%2Fv2%2Fcomments&post=2510"}],"version-history":[{"count":74,"href":"https:\/\/www.mikroskopie.de\/index.php?rest_route=\/wp\/v2\/pages\/2510\/revisions"}],"predecessor-version":[{"id":4668,"href":"https:\/\/www.mikroskopie.de\/index.php?rest_route=\/wp\/v2\/pages\/2510\/revisions\/4668"}],"wp:attachment":[{"href":"https:\/\/www.mikroskopie.de\/index.php?rest_route=%2Fwp%2Fv2%2Fmedia&parent=2510"}],"curies":[{"name":"wp","href":"https:\/\/api.w.org\/{rel}","templated":true}]}}